. Let p be j(0). Let y(i) = -i**2 + 11*i. Let w(g) = p*l(g) + y(g). Determine w(5).
5
Let u be (-4)/30 - (-3 - (-174)/45). Let b(q) = -30*q + 2. Give b(u).
32
Let a = 21 - 17. Suppose a*k + 8 = 0, z - 10 + 2 = 2*k. Suppose z*y = 8*y + 16. Let w(i) = i - 1. Give w(y).
-5
Let h(m) be the first derivative of -m**2/2 - 31*m + 224. Determine h(0).
-31
Let p(i) = 7 + 0 + 6*i + 10036*i**2 - 10035*i**2. What is p(-6)?
7
Let j(a) = -a + 4. Suppose -2 = -u + s, 3*u + 5*s = -2*u + 10. Let o = 10 + -10. Suppose -u*y - x = 11, o = -3*y - 2*y - x - 23. What is j(y)?
8
Suppose 0 = 4*j - 3*j, -c + 2*j = -7. Let m be c*((-36)/(-21))/6. Let k(b) = 12*b**2 + 10*b - 4*b - 8*b**m - b**3 + 2. Determine k(5).
7
Let i = -1 - -3. Suppose -2*h + 3 = p, 3*h - p = i + 5. Let f(k) = -h + 3*k**3 + 6 - 8*k + 2*k + 4*k**2 - 2*k**3. What is f(-5)?
9
Let u(t) = 272*t**3 + 15*t - 9*t**2 - 10 - t - 271*t**3 - 2*t. Determine u(8).
22
Let r(a) = -a**2 - 5*a + 6. Let y be r(-5). Let k(l) = 2*l**2 - 39*l - 29. Let s be k(20). Let n be 21/s - (-8)/y. Let x(p) = 5*p**3 - 1. What is x(n)?
-6
Let d(r) = r**2 - 18*r - 60. Let z be d(21). Let y(i) = -12*i**3 - i**2 - 2*i - 4*i**2 - 10*i**3 - 4 + 21*i**z. Calculate y(-5).
6
Let h(x) = 2734*x**3 - 2732*x**3 + 2*x + x**2 - x. What is h(-1)?
-2
Let y(o) be the third derivative of 0*o + 15*o**2 + 0 - 1/10*o**5 - 2/3*o**3 + 1/120*o**6 + 1/8*o**4. What is y(6)?
14
Let l(x) be the third derivative of -2*x + 1/12*x**5 - 1/12*x**4 - 28*x**2 + 1/120*x**6 + 7/6*x**3 + 0. Give l(-5).
17
Suppose 0 - 6 = -x. Let v be 3 - (-3 + 0 + x). Let l(w) = -w + w**2 - 2*w + 2*w + v*w**2 - 4. Give l(0).
-4
Let k(u) = -4*u - 31. Let c be (-6)/(17/((-340)/(-15))). What is k(c)?
1
Let a be ((-2)/(-6))/(2 - (-104)/(-48)). Let u(k) = -k**3 - 4*k - 5. Give u(a).
11
Let s(v) be the third derivative of v**4/12 - 7*v**3/6 + 3*v**2. Let i = -49 + 54. Determine s(i).
3
Let w be (-46)/10 - 8/20. Let x be (-8)/(-2)*(-5)/w. Let o(u) = u**3 - 6*u**2 + 5*u + 4. Give o(x).
-8
Let w(t) = -105 + 304 + 9*t - 104 - 97. What is w(-3)?
-29
Let f be (1 - 0)/(1/4). Let b(s) = 2 + 13*s + 7*s**2 - 5*s - s**3 - 2*s**3 + f*s**3. Calculate b(-6).
-10
Let k(v) = -13*v**2 - 5*v - 3 + 6*v**2 + 4*v**2 + 4*v**2. Let y = 4 + 1. Suppose -25 = -y*w - 0*w. Give k(w).
-3
Let t(l) = -4*l**3 + 8*l**2 + 6*l + 1. Let r(y) = 10*y**2 + 9*y**2 - 10*y**2 - 5*y**3 + 6*y. Let x(c) = -3*r(c) + 4*t(c). Give x(6).
4
Let h be 5/(5/26) - -2. Let g = h - 27. Let a(u) = g + 3 + 0*u - 5 - u. Calculate a(-1).
0
Suppose -s + 2*s - 2*a = -8, -2*s - a = 6. Let i(o) be the second derivative of -o**5/20 - o**4/2 - o**3/3 - o. Calculate i(s).
-24
Suppose -39*d + 3 = -36*d. Suppose -2*s = 5*z - 19, 5*z - 25 = -4*s - 2. Let v(p) = p**z + 3 + d - 5*p**2 + 4*p**2 - 5. Give v(2).
3
Suppose -27 = 2*k - 5*f, k - 5*f + 2*f + 16 = 0. Let o(a) = 23*a**3 + a**2 + 2*a + 2. Give o(k).
-22
Suppose -4*f = -f - 4*p - 15, 0 = -5*f - 4*p + 25. Suppose -3*n + f*y + 36 = 0, -4*n - y - y + 22 = 0. Let v(s) = s - 3. Give v(n).
4
Let v(g) be the third derivative of -g**6/120 + 13*g**5/60 - 11*g**4/24 - 4*g**3/3 + 115*g**2. Give v(12).
4
Let d(t) = 3*t**3 - 9*t**2 + t + 6. Let l(a) = 9*a**2 + 8*a**3 - 6*a + 12 - 35*a**2 + 8*a + 5. Let u(g) = 11*d(g) - 4*l(g). What is u(-4)?
2
Let p(i) = i**3 + 7*i**2 - 8*i + 4. Let a(s) = -s**2 + 14*s - 24. Let k be a(12). Suppose -2*w = -8, k = -3*y + w + 2*w - 36. Calculate p(y).
4
Let f(a) = a**3 + 10*a**2 - 19*a - 93. Let g be f(-11). Let v(q) = q + 4. Calculate v(g).
-1
Let z(u) be the first derivative of -u**3/3 + 2*u**2 + 3*u + 1. Suppose 29 = 5*g - 3*i, 0 = -4*g - 218*i + 222*i + 28. Determine z(g).
3
Let f be (24/16)/(1/(8/(-6))). Let x(v) = 3*v + 8. Determine x(f).
2
Let l(c) = -c**3 + 5*c**2 + 8*c - 9. Let s(o) = -o**3 - 9*o**2 - 6*o + 22. Suppose g + 0*n + 4*n = -4, -g = -3*n + 11. Let j be s(g). What is l(j)?
3
Let w(b) = -4*b. Let n be (-3 - -3) + 4/12*3. Give w(n).
-4
Let t(m) = -5*m + 1. Let z(u) = -4*u + 2. Let p(y) = 5*t(y) - 6*z(y). Give p(0).
-7
Let z(k) be the second derivative of 8*k + 1/12*k**4 + 0 + 0*k**3 + 0*k**2. Let f(g) = 2*g**3 - 5*g**2 + g - 1. Let r(d) = f(d) + 2*z(d). Determine r(2).
5
Suppose -7*d + 25 = -31. Let q(r) = d*r + 2*r - 11*r - r + 11. Calculate q(8).
-5
Let u(l) = l**3 - 6*l**2 + 5*l - 10. Let z be (-893)/(-171) + 4/(-18). Let y be u(z). Let f(c) = c**3 + 10*c**2 + 3*c + 14. Determine f(y).
-16
Let c(m) = m**2 - 5*m + 1. Let f(a) = a**2 + 6*a + 9. Let q be f(-8). Suppose -q = 6*k - k. Let o = k - -8. What is c(o)?
-5
Suppose -f - 11 = 15. Let o = f + 30. Let m(a) = -2*a + 1. Give m(o).
-7
Let r = 778 + -769. Let x(p) = p**2 - 8*p - 10. What is x(r)?
-1
Let n(y) = y - 12. Let j be n(5). Let l(k) = -4*k**3 - 8*k**2 - 8*k + 8. Let f(x) = 11*x**3 + 24*x**2 + 24*x - 23. Let p(g) = -3*f(g) - 8*l(g). Give p(j).
12
Suppose 36*j + 31*j + 245 = -90. Let f(b) = 4*b - 6*b + b - 1. Calculate f(j).
4
Suppose 4*m - 28 = 5*p, 5*m - 2*p - 72 = -5*p. Let u(v) = -9 + 2 + m - v**2 + 5*v. What is u(4)?
9
Let y(k) be the first derivative of -k**4/4 + 7*k**3/3 - 3*k**2/2 + 6*k - 194. Calculate y(7).
-15
Suppose m - 11 = -3. Suppose m = u + 3*u. Suppose -4*g + 2*g = -u. Let p(y) = -11*y**2. What is p(g)?
-11
Let w(k) = k - 1. Let a(r) = 3*r**2 - 5*r + 3. Let i be a(4). Let h = i - 34. Give w(h).
-4
Let z(x) = -3*x**2 + 3*x + 4. Let c(y) = 7 - 2*y - 7 - 3 + 2*y**2. Let i(q) = 4*c(q) + 3*z(q). What is i(2)?
-2
Let w(v) = 11*v**3 - 7*v**2 - 5*v - 9. Let n(u) = -13*u**3 + 7*u**2 + 6*u + 11. Let r(o) = -5*n(o) - 6*w(o). What is r(7)?
-1
Let k(t) = 1 - t**2 + 39*t - 35*t - 7. Let s(r) = r**2 - 5*r + 7. Let c(d) = -4*k(d) - 3*s(d). What is c(3)?
9
Suppose 2*u - 5 + 17 = 0. Let w(r) = 7*r**2 + 0 - 8 - 3*r**3 + 0*r**2. Let g(x) = -2*x**3 + 3*x**2 - 4. Let b(s) = 5*g(s) - 3*w(s). Calculate b(u).
4
Suppose -2*u - 3*l - 52 = 0, -u - 4*l - 19 = l. Let q = 26 + u. Let k(h) = -h - 3. Calculate k(q).
0
Suppose -m + 11 = s + s, 0 = 4*m + 20. Let g(y) = 3 - 34*y - 1 + 38*y + 2*y**2 + 1. Let t(l) = -5*l**2 - 11*l - 8. Let c(w) = s*g(w) + 3*t(w). Determine c(3).
6
Let p(r) be the first derivative of -3 + r**2 + r**3 + 4*r + 1/4*r**4. Let n = 5 + -8. Determine p(n).
-2
Let z(t) = -t**3 - 17*t**2 - 18*t - 2. Let r be ((-102)/68)/((-9)/(-96)). Determine z(r).
30
Let z(f) = 8*f**2 - 7*f - 8. Let a(u) = 13*u**2 - 7*u - 9. Let n(g) = 2*a(g) - 3*z(g). Calculate n(-4).
10
Let y(p) = -p**2 + 23*p - 90. Let k be y(18). Let h(g) = -g**2 + 18. What is h(k)?
18
Let c(r) = -5*r**3 + 2*r + 1. Let d = 57 + -43. Suppose -d*i = 12 + 2. Calculate c(i).
4
Let b(y) be the third derivative of 0*y + 50*y**2 + 0 - 1/6*y**3 - 1/24*y**4. Calculate b(2).
-3
Let w(i) be the first derivative of 9 - 2*i - i**3 - 1/4*i**4 + 5/2*i**2. Determine w(-4).
-6
Let a(g) = -g**2 - 7*g + 7*g + 6*g - 5. Let o = -107 - -62. Let k be (1 + -2)/(9/o). Give a(k).
0
Let a(q) = q**2 - 4*q - 1. Let c be a(5). Let d be -1 + 2/(8/12). Let s(t) = -13*t - 4 + 16*t - t**2 + d. Calculate s(c).
-6
Let x(c) = c**3 - 3*c**2 + c - 2. Let v = 53 - 41. Suppose -8*j + 12*j = v. Give x(j).
1
Suppose 3*g - 8 = 5*m, 3 = -m - 2*m. Let u(v) = -26*v + 1. Determine u(g).
-25
Let y(o) = o**3 + 6*o**2 + 6*o + 8. Let n be y(-5). Let m(f) = -f**3 + 6*f**2 - 7*f - 1. What is m(n)?
5
Let y(n) = n**2 - 6*n + 7. Suppose -3*h + 0*m - 1 = 4*m, -27 = -3*h + 3*m. Give y(h).
2
Let r = -592 + 594. Let f = 3 - 1. Let s(l) = l**r - l - 3*l + 2*l**2 + 0*l**f. Give s(3).
15
Let f(n) = 12*n - 28 - 18*n + 12 - 28. Determine f(-7).
-2
Suppose -4*f + 414 = 42*f. Let s(k) = k**2 - 10*k + 3. Determine s(f).
-6
Let t(o) = -5*o - 1. Let b be ((-36)/(-12))/(0 + (1 - 0)). Let q(f) = 5*f + 1. Let p(v) = b*q(v) + 4*t(v). Give p(-2).
9
Let d(w) be the third derivative of w**5/60 - w**4/3 - w**3 + 7*w**2. Suppose -3*k - 5*n = -9*n - 30, 3*k - 2*n = 24. Determine d(k).
-18
Let d(r) = r + 17. Suppose -65 = 5*z + 5*p, -4*z - p - 20 = 20. What is d(z)?
8
Let l(x) = -3*x - 8. Let c be l(-8). Let z(n) = -c*n + 4*n + 507 - 506. Determine z(2).
-23
Let f(u) be the first derivative of u**4/4 + 7*u**3/3 - 9*u**2/2 - 10*u + 622. Suppose 0 = -0*z - 3*z + 4*x - 20, 1 = -x. Determine f(z).
-2
Let z(c) = -c**2 + 4*c - 3. Let t be (-18)/(-24)*52/3. Suppose -t + 1 = -4*w. Give z(w).
0
Let m = -13 + 15. Suppose m*d + 0*d = 48. Su